 common divisor of 388 and 5272532?
388
What is the highest common divisor of 104995 and 345?
115
Calculate the highest common factor of 308617 and 37259.
703
Calculate the greatest common factor of 363 and 292578.
363
What is the highest common divisor of 2941 and 187?
17
What is the highest common divisor of 60 and 1316240?
20
Calculate the highest common factor of 1111680 and 2016.
288
What is the greatest common factor of 132440 and 3520?
440
Calculate the highest common factor of 369 and 130257.
369
What is the greatest common divisor of 230 and 1550545?
115
What is the highest common factor of 10164 and 105?
21
What is the greatest common factor of 145 and 1097795?
145
What is the highest common divisor of 11097 and 675?
27
What is the greatest common divisor of 20321 and 56?
7
What is the highest common divisor of 7 and 1055243?
7
What is the highest common factor of 10170 and 1090224?
2034
What is the greatest common factor of 590 and 6070?
10
Calculate the greatest common factor of 864 and 1161.
27
What is the greatest common divisor of 9213 and 555?
111
What is the highest common divisor of 1536 and 307712?
512
Calculate the greatest common factor of 732 and 26.
2
Calculate the greatest common factor of 235381 and 82.
41
Calculate the highest common factor of 38936 and 56792.
248
What is the highest common factor of 2920 and 970170?
730
What is the greatest common divisor of 3 and 37481?
1
What is the highest common factor of 10654 and 1694?
14
What is the highest common factor of 1605360 and 160?
80
What is the highest common factor of 5291 and 17501?
407
Calculate the greatest common factor of 150 and 58.
2
What is the highest common factor of 338 and 243698?
338
What is the greatest common factor of 15757 and 28?
7
What is the highest common divisor of 847 and 3409?
7
Calculate the highest common divisor of 44 and 99242.
22
What is the greatest common factor of 464 and 7598?
58
What is the greatest common factor of 270 and 29790?
90
Calculate the highest common factor of 2478 and 59354.
118
Calculate the greatest common factor of 728 and 21056.
56
Calculate the highest common divisor of 1243 and 66.
11
Calculate the highest common divisor of 11826 and 1296.
162
What is the greatest common divisor of 87 and 1935489?
87
Calculate the greatest common factor of 5609 and 497.
71
Calculate the highest common divisor of 4490 and 630.
10
Calculate the greatest common divisor of 271455 and 210.
15
What is the greatest common divisor of 17175 and 69600?
75
Calculate the greatest common factor of 12403 and 74889.
157
Calculate the highest common divisor of 138 and 136229.
23
What is the highest common divisor of 2520 and 297080?
280
What is the highest common divisor of 87132 and 6360?
636
What is the greatest common factor of 1058332 and 44?
44
Calculate the highest common factor of 228 and 4212.
12
What is the highest common factor of 292390 and 105?
35
Calculate the highest common factor of 3737 and 925.
37
What is the greatest common factor of 251976 and 1056?
24
Calculate the greatest common factor of 476 and 166124.
476
Calculate the greatest common divisor of 40 and 282904.
8
What is the greatest common factor of 3552 and 333?
111
Calculate the highest common divisor of 16305 and 6.
3
What is the greatest common divisor of 9 and 87741?
9
What is the greatest common factor of 16066 and 9972?
554
What is the highest common divisor of 225 and 2106975?
75
What is the highest common divisor of 6275 and 25?
25
Calculate the highest common divisor of 291160 and 10.
10
What is the highest common divisor of 12752 and 16?
16
What is the highest common divisor of 12639 and 143625?
1149
Calculate the greatest common divisor of 194582 and 4661.
59
What is the greatest common divisor of 287 and 132881?
287
Calculate the greatest common divisor of 96 and 159204.
12
What is the greatest common factor of 190163 and 4311?
479
What is the highest common divisor of 851 and 26973?
37
What is the greatest common divisor of 4055 and 5235?
5
What is the highest common factor of 15662 and 1719?
191
What is the highest common factor of 54852 and 3108?
84
What is the highest common divisor of 7 and 57939?
7
Calculate the greatest common divisor of 272064 and 48.
48
What is the highest common divisor of 150672 and 22557?
219
Calculate the highest common factor of 1233856 and 104.
104
Calculate the highest common factor of 300 and 253020.
60
What is the greatest common factor of 582463 and 245?
49
What is the highest common factor of 417615 and 165?
165
What is the greatest common divisor of 234 and 968916?
78
Calculate the greatest common divisor of 9760 and 256.
32
What is the greatest common divisor of 2344318 and 622?
622
Calculate the highest common divisor of 11633 and 1.
1
What is the highest common factor of 52312 and 1976?
104
What is the greatest common factor of 897179 and 981?
109
Calculate the greatest common divisor of 656 and 55555.
41
Calculate the greatest common factor of 228 and 1831068.
228
Calculate the greatest common divisor of 7827 and 243.
3
Calculate the greatest common divisor of 96141 and 1971.
219
Calculate the highest common divisor of 7337 and 365079.
253
Calculate the highest common factor of 30657 and 297.
33
Calculate the highest common divisor of 89376 and 21.
21
What is the greatest common divisor of 735 and 107163?
147
What is the greatest common factor of 1204 and 68026?
602
Calculate the greatest common divisor of 18816 and 1152.
384
Calculate the greatest common factor of 12145 and 1190.
35
What is the greatest common factor of 20370 and 26355?
105
What is the greatest common factor of 1269 and 236880?
423
What is the greatest common divisor of 6714 and 270?
18
Calculate the greatest common divisor of 18415 and 580.
145
Calculate the highest common factor of 105 and 2865.
15
Calculate the highest common divisor of 1350 and 25218.
54
Calculate the highest common factor of 3999 and 9.
3
What is the greatest common factor of 85570 and 215?
215
What is the greatest common factor of 781174 and 548?
274
What is the greatest common factor of 20 and 12260?
20
Calculate the highest common divisor of 338088 and 336.
24
What is the highest common factor of 6060 and 84?
12
What is the highest common factor of 4311 and 136994?
479
Calculate the greatest common factor of 538 and 6325804.
538
Calculate the greatest common divisor of 49 and 9.
1
What is the greatest common divisor of 5 and 58860?
5
What is the highest common divisor of 1708 and 31232?
244
What is the greatest common factor of 18759 and 155649?
507
What is the highest common factor of 109 and 12918?
1
Calculate the greatest common factor of 820 and 32964.
164
Calculate the highest common factor of 7921 and 445.
89
What is the greatest common divisor of 131442 and 1026?
114
Calculate the highest common divisor of 1383 and 17057.
461
Calculate the highest common divisor of 130188 and 171.
57
What is the greatest common divisor of 51350 and 2600?
650
Calculate the greatest common divisor of 26394 and 742.
106
Calculate the greatest common divisor of 117 and 117.
117
Calculate the highest common factor of 16 and 32890.
2
Calculate the greatest common divisor of 12006 and 522.
522
Calculate the highest common divisor of 1986 and 85729.
331
What is the highest common factor of 52 and 5072?
4
What is the greatest common factor of 14 and 142282?
14
Calculate the greatest common divisor of 20 and 15970.
10
Calculate the highest common factor of 50510 and 140.
10
What is the highest common divisor of 196 and 2604?
28
Calculate the greatest common divisor of 9 and 522477.
9
Calculate the greatest common divisor of 1044 and 23229.
261
What is the highest common divisor of 426 and 34293?
213
Calculate the greatest common divisor of 1639552 and 128.
128
What is the highest common factor of 3129326 and 2108?
1054
Calculate the highest common factor of 13130173 and 1603.
1603
Calculate the highest common factor of 145 and 22805.
5
What is the greatest common factor of 249 and 225013?
83
What is the highest common factor of 280 and 1478792?
56
What is the greatest common divisor of 79655 and 445?
445
Calculate the greatest common divisor of 452192 and 52.
52
Calculate the highest commo